
False
Suppose -3*d = -10*z + 12*z - 21547, 0 = -d + 5*z + 7188. Is d prime?
False
Suppose 1 = 4*g - 7. Let i be ((-69)/g)/((-3)/28). Suppose 3*a + i - 991 = 0. Is a a composite number?
False
Let a = -398 + 3359. Suppose 5*d = -4*u - a, -4*u = 13 + 3. Is 1/(2 - d/(-295)) prime?
False
Let i = 42 + -42. Suppose -4*a + 3164 = -i*a. Is a composite?
True
Let c = -1693 - -6822. Is c a prime number?
False
Let m be (17 - 19)*(-4066)/(-4). Let u = -640 - m. Is u a composite number?
True
Let r = -1734 + 2191. Is r prime?
True
Let h(w) = -8*w + 2. Let p be h(-2). Suppose -8 + p = -2*t. Is (-215)/t - (0 + -3) prime?
False
Suppose -5*q = -0*q - 1090. Let d = q + -133. Suppose -2*l - 221 = -5*a + 170, -a - 3*l + d = 0. Is a prime?
True
Suppose g + 10 = 4. Let o be (-3)/(-3 - g)*-145. Is (-1 - 1)/((-2)/o) a composite number?
True
Suppose 561 = -53*c + 54*c. Let p = 2026 - c. Is p prime?
False
Let s = -405 - -177. Let o = -142 - s. Suppose -3*p - 29 = -o. Is p a composite number?
False
Let s = -569 + 943. Let d(c) = c + 3. Let o be d(0). Suppose -s = -o*z + 265. Is z a composite number?
True
Suppose 3*r + 1 = 2*r, k - 2*r - 3739 = 0. Is k prime?
False
Suppose 58*d - 82*d = -67416. Is d a prime number?
False
Let d(u) = 4328*u + 485. Is d(3) a composite number?
False
Let u(q) = -1441*q - 74. Is u(-9) composite?
True
Suppose 0 = k - 2*j - 12, -3*j + 4 = 3*k - 5. Let c be (3 - 2)/(2/k). Suppose -c*r = 41 - 530. Is r a prime number?
True
Suppose -f + 0*f = 2. Let r be (f + 2)/(2/(-1)). Suppose -2*b + z + 657 = r, 408 = -2*b - 2*z + 1068. Is b prime?
False
Let n = 416 + -718. Let z(g) = -g**3 + 12*g**2 + 9*g + 21. Let x be z(15). Let o = n - x. Is o prime?
False
Suppose 2*b - 4*j = 62, -b = -3*j - 0*j - 31. Let o = b - 45. Is (-2)/(-7) + (-6562)/o a composite number?
True
Let b = -1576 + 2727. Is b prime?
True
Let h = -9 - -33. Let q be 1/(-4)*h/(-6). Is (202 - 0 - q) + 2 a composite number?
True
Let y(g) = -123*g + 24 + 17 - 28. Is y(-6) prime?
True
Suppose 57743 = 17*c - 7520. Is c a composite number?
True
Let l = 17336 + -2889. Is l a composite number?
False
Let o be ((-1)/(-1))/(1/5). Let k = 569 - 567. Suppose o*y - 7*m + 3*m - 1103 = 0, k*m = 6. Is y prime?
True
Let h = 395 - -44. Is h composite?
False
Let a = 2929 - 1716. Is a a composite number?
False
Suppose g = 4*t + 8, g + 2*t + 4 = 2*g. Suppose 3*u + 326 - 1205 = g. Is u a prime number?
True
Suppose 30 = d - 5*i, 6*d + 4*i = d + 63. Suppose 20*u - 2495 = d*u. Is u a prime number?
True
Suppose b + 6 = 5. Let z(u) = 444*u**2 - u - 2. Is z(b) a composite number?
False
Suppose -5*d + 843 = -2*d. Suppose -2*u - d = -2*n + u, -5*u + 289 = 2*n. Suppose -4*y + n + 894 = 0. Is y composite?
True
Let w(n) = -n + 7. Let k be w(6). Is -2*k/6 - 59330/(-51) composite?
False
Let p = -2770 - -12887. Is p a composite number?
True
Suppose 51*d + 5384 = 59*d. Is d prime?
True
Let f(a) = a**3 - 12*a**2 - a + 17. Suppose -k - 2*t = -8, 3 + 25 = 3*k + 4*t. Let p be f(k). Let w(y) = 12*y**2 - 7*y. Is w(p) a composite number?
True
Suppose -2*t = 3*p + 491, -t - 2*p - 1222 = 4*t. Let q = -1242 - -813. Let f = t - q. Is f a composite number?
True
Suppose -8*p + 122581 = 29*p. Is p a composite number?
False
Is 96679/4 - 15/20 composite?
False
Let m = -23617 - -57578. Is m a prime number?
True
Let x be ((-88)/6)/(1/(-3)). Suppose -3*f + x = -46. Is 1/(2/f) - 2 prime?
True
Let o(q) = q**3 + 11*q**2 + 5*q + 2. Suppose 5*n + 3 + 37 = 0. Let a be o(n). Suppose 0*g + a = 2*g. Is g prime?
False
Suppose -2*y - 12 = -2. Let g = 3 + y. Let b = 41 + g. Is b prime?
False
Let l be -1 + 8 + 0 + -2. Let h(a) = 1192*a**2 + 8*a - 1171*a**2 + a - 5. Is h(l) prime?
False
Let g(y) = 63*y**3 - y**2 + 3*y - 3. Let b be g(3). Let t = 2617 - b. Is t composite?
False
Let k(z) = 2*z**2 - 2*z - 1. Let u be k(3). Suppose -u*q + 10*q = 146. Let s = 503 - q. Is s a composite number?
True
Let a = -23 + 36. Suppose -4*i - c + 72 = 0, 5*c - a = -2*i + 5. Is i a prime number?
True
Let b(c) = 10*c**3 - 19*c**2 - 22*c + 5. Let x(w) = -3*w**3 + 6*w**2 + 7*w - 2. Let r(k) = 2*b(k) + 7*x(k). Let a be r(5). Is 76/2 - (a - -4) a prime number?
False
Let o = -123 + 128. Suppose 364 = 4*t + 4*l, -8*t + 4*t - o*l = -366. Is t prime?
True
Let o(l) = l**2 + 17*l + 14. Let n be o(-17). Let s(z) = z**3 - 1 + n*z + 8 - 6*z + 5*z + 9*z**2. Is s(-6) composite?
False
Let k(o) = 3*o - 10. Let b be k(4). Suppose -b*m + 3*v = -3*m + 138, -5*m - 5*v = -700. Is m composite?
True
Suppose 25448 = 3*b + 5399. Is b a prime number?
False
Suppose 0 = 4*p + 4*r - 15 - 13, -2*p = -r - 2. Suppose 0 = 2*g + 6, m + p*g - 74 = 7*g. Is m a composite number?
True
Let t(j) = 2786*j**3 + 4*j**2 - 7*j + 7. Is t(2) a prime number?
False
Let t = 11508 - 5566. Is t prime?
False
Let u(x) = -15*x**3 + 2*x**2 + 2*x + 14. Let f be u(-5). Suppose 5*o - 942 = -p, -p + 3*p - f = -o. Is p a composite number?
False
Suppose 5*z = -f + 119, f + 3*z + z = 114. Suppose 2*n - f = 384. Is n a prime number?
True
Suppose -3 = -y, r = 5*r + 5*y - 120743. Is r a prime number?
False
Let n(h) = -46*h - 1. Let d(s) = -s**3 + 10*s**2 - 3*s + 23. Let i be d(10). Is n(i) prime?
False
Let o be (-66)/(-9) - 4/3. Suppose o*w = 2672 + 3130. Is w a prime number?
True
Let s = 23 - 35. Let v = s - -15. Suppose -883 = -5*h + 4*m, -3*m - 528 = -v*h - 0*h. Is h composite?
False
Let s be (-10)/45 + (-40)/(-18). Let w = -9 - -14. Suppose 0 = w*u - 2*u - 3*n - 456, -4*u - s*n = -590. Is u composite?
False
Let i = -69 + 104. Suppose -1789 - 275 = -8*v. Suppose -v = -k + i. Is k composite?
False
Suppose -4*w = -2*w + 4*f + 20, -3*w + 3*f = -15. Suppose -4*m + w*m = -8756. Is m a prime number?
False
Let u = -8 - -45. Suppose -2*i - u = -5*y - i, 0 = 3*y + i - 19. Is y prime?
True
Is 638 - (2/4 - (-110)/44) a composite number?
True
Let m(v) = -40*v**2 - 9*v - 3. Let d(k) = 80*k**2 + 17*k + 6. Let b be 5 - (1 + 0)*-1. Let u(z) = b*d(z) + 11*m(z). Is u(-2) a prime number?
True
Let z be (-62)/(-4) - (-3)/(-2). Suppose -2*g = r - z, 5 = r + g - 2*g. Is 1146/r - (-2)/(-8) prime?
False
Let b(m) = -3*m - 9. Let c be b(-4). Suppose -c*j + 0*j + 4560 = 0. Suppose -4*v + j = 196. Is v prime?
True
Let t = 1939 - 1304. Is t composite?
True
Let n(t) = 7*t**2 - 12*t + 906. Is n(-35) prime?
True
Suppose -j + 8 = 2*r - 5, 5*r - 34 = -3*j. Let m be -1 + (-3)/3 + r. Suppose m*i - i = 662. Is i composite?
False
Suppose 3*m = 4*p + 19043, 5*m + p + 5395 = 37164. Is m prime?
True
Suppose 4*b - 18 = 2*d, -4*b - 2 = -0*d + 2*d. Is b - (0 + -1 + -2434) a composite number?
False
Let y(c) = -6*c**3 - 2*c**2 + 1. Let p be y(-1). Let s(h) = -4*h**2 + 6*h - 7. Let x be s(p). Let v = -46 - x. Is v prime?
True
Let f = 3399 + -1246. Is f a prime number?
True
Is 1764320/40*1/4 prime?
True
Let x(h) = -4 - 1 + 5*h + 2*h - 4*h. Let q be x(-5). Is (-788)/q - (-2)/(-5) prime?
False
Suppose c = -4, 5*d + 3*c = -2*c + 91315. Is d a composite number?
True
Let y = 88 - -303. Is y a composite number?
True
Let z = -11 - -10. Let p be -2*z/(3/6). Suppose 745 = 5*x + 3*f, -149 = -6*x + 5*x - p*f. Is x a composite number?
False
Let n(j) = -5*j**2 + j. Let p be n(2). Let y be (6/18)/((-1)/p). Let v(h) = 5*h**2 + 3*h - 7. Is v(y) a prime number?
True
Let i(f) = f**3 - 2*f**2 - 6*f - 13. Let t be i(-4). Is (-34)/t - 9336/(-10) a composite number?
True
Let k(a) = 2*a**3 + 7*a**2 - 19*a + 1. Suppose 3*y = -y - 2*s + 14, -5*y + 2*s = -40. Is k(y) prime?
True
Let p(f) = 2*f - 8. Let z be p(-15). Let t = 17 + z. Is (-7)/t - (-316)/6 prime?
True
Let p(q) = q - 13. Let d(r) = r**2 + 3*r - 3. Let b be d(-5). Let o be p(b). Is (-3987)/(-33) + o/(-33) composite?
True
Suppose 3*n - 4*n = -4*k + 8, 16 = -n - 4*k. Let p be (-3)/n*0 + 4. Suppose -7*l + p*l = -21. Is l a composite number?
False
Let s = 12641 + 714. Is s a composite number?
True
Suppose 5*k = -5*f + 76060, f + 69252 = 3*k + 23596. Is k a prime number?
True
Suppose -30 = 9*o - 15*o. Suppose a - 265 = -3*i, -o*i - a + 455 = -6*a. Is i a composite number?
False
Let i = 15 - 13. Suppose 5*x + 4*l - 11 = 1016, 4*x = i*l + 806. Is x prime?
False
Suppose -5*z + 5*g = -25, z - 1 + 11 = -2*g. Suppose z = d - 0*d - 110. Let r = d + -15. Is r a prime number?
False
Let p be (6/(-4))/((5 + -8)/36). Let y = -430 - -741. Suppose -5*n + p = -4*o + 311, 0 = 